4)/(2 + 3/(-2)). Let c = t + 64. Calculate the highest common divisor of c and k.
14
Suppose -3*g - 3 = -2*t + 9, 23 = 5*t - 4*g. Let p be 143/(2 - 1) - t. Suppose -280 = -25*n + 20*n. What is the greatest common divisor of p and n?
28
Suppose -20*h + 29*h - 252 = 0. Let b be (-108)/(-15) + (-1)/5. Calculate the greatest common factor of b and h.
7
Suppose 0 = n + 4*h - 73, 2*n - 131 = 21*h - 26*h. What is the greatest common factor of 424 and n?
53
Let l = 69 + -30. Let p = -34 + l. Calculate the greatest common factor of p and 10.
5
Let z = 3 + -25. Let r = 25 + z. Suppose -3*l + 4*l + 2*h - 59 = 0, h + 198 = r*l. What is the highest common divisor of 26 and l?
13
Let c(s) = -s**3 - 12*s**2 - 41*s - 22. Let y be c(-7). What is the greatest common factor of 370 and y?
10
Let s(z) = -z**2 - 6*z - 7. Let o be s(-3). Suppose 3*w - 38 = -4*m, -m - o*w + 5*w + 17 = 0. Calculate the highest common factor of m and 11.
11
Let n be (-390)/(-25) + 2/5. Let l(s) = s**2 + 3*s - 12. Let r be l(-5). Let j be (2 - r - -34) + 2. Calculate the greatest common divisor of n and j.
8
Suppose -5*w - 55 = -10*w. Suppose -c = 2 - w. Let q be (c/(-27))/(1/(-3)). What is the highest common divisor of 8 and q?
1
Suppose 3*a - 39 = 3*r + 90, 9 = -3*r. Let z be (1 - 2)/(1/(-16)). Calculate the highest common divisor of a and z.
8
Let j = 218 - 200. What is the greatest common divisor of 522 and j?
18
Let n be ((-4)/10)/(46/(-4600)). Calculate the highest common factor of 35 and n.
5
Let t = -33 + 69. Let u be ((t/(-5))/(-3))/((-12)/(-30)). What is the highest common divisor of 30 and u?
6
Let c be (-486)/(-90) - (7/5 - 1). Calculate the highest common divisor of 85 and c.
5
Let p = 157 - -410. What is the highest common factor of 7 and p?
7
Let s = 811 + -775. Let j(a) = a**3 - 7*a**2 - a + 10. Let x be j(7). What is the greatest common factor of s and x?
3
Let u be (2 - (-1 + 0))*1. Suppose v = 4*z + 5, -v = 3*v + u*z - 1. Suppose 3*h - 26 + v = -4*a, 2*h = 4*a - 10. What is the greatest common factor of h and 6?
3
Let v(i) = -i + 2. Let h be v(2). Let r = 112 + -116. Let o be 2 - h/r - -5. What is the highest common factor of o and 28?
7
Let t = -57 - -40. Let z = 24 + t. Calculate the greatest common factor of z and 14.
7
Suppose -15 - 24 = -5*b - c, 5*b - 5*c = 15. What is the highest common divisor of b and 301?
7
Suppose 2*x - n = 17, 4*x - n - 10 = 3*x. Suppose -23 = -a + x. Suppose 0 = p - 2, -d = 3*p - 6*p - 69. Calculate the highest common factor of d and a.
15
Let o = 61 + -44. Let g = 33 - o. Calculate the greatest common divisor of g and 80.
16
Let x = -71 - -74. Suppose 3*a - 4*a = -u - 118, -x*a - u = -338. What is the greatest common factor of a and 38?
38
Suppose 2*s = s + 75. Let g be (2 - -73)*(8 + (-494)/65). Calculate the greatest common factor of s and g.
15
Suppose -14*d + 60 = -9*d. What is the greatest common divisor of d and 132?
12
Let x be -5 + (1 + -3)*-5. What is the highest common factor of x and 185?
5
Let o = -96 - -103. Calculate the greatest common divisor of o and 56.
7
Let z(a) = 24*a - 2. Let y be z(3). Let b be 1 - y/(2/(-1)). Suppose 0 = -3*t + 98 + 172. Calculate the highest common factor of b and t.
18
Suppose 0 = -12*u - u - 1352. Let t = -96 - u. What is the highest common factor of t and 8?
8
Let x = 699 + -653. Calculate the highest common divisor of 8 and x.
2
Let l(i) = -i**3 - 7*i**2 - 19*i - 21. Let k be l(-5). Calculate the highest common factor of k and 12.
12
Let f(v) = 4*v + 65. Let d be f(12). Let x = d - -49. Calculate the greatest common factor of 54 and x.
54
Suppose 0 = -2*c - 2*x + 182, x - 255 = -3*c + 16. Suppose -2*h - 4*k + 52 = 0, 0 = 2*h + 3*h - 2*k - 82. Calculate the greatest common divisor of c and h.
18
Let v be 6/(-21) - ((-2137)/7 + -1). What is the highest common factor of 272 and v?
34
Let m = -10 + 8. Let c be (-1)/m + (-175)/(-10). Let j be (-14 - -16)/((-2)/(-36)). What is the greatest common factor of c and j?
18
Suppose -55*t = -1750 + 265. Suppose 3*r = -4*v + 28, 24 = -2*v + 3*v + 5*r. Let q be (-27)/(-6)*v/2. Calculate the greatest common divisor of q and t.
9
Let g(m) = 8*m + 8. Let r be (1/3)/(4/72). Let b be g(r). Let k be 10*3/((-45)/(-12)). What is the greatest common divisor of b and k?
8
Let p = -520 + 574. What is the greatest common factor of 36 and p?
18
Let z(f) = -f**2 + 1. Let s(c) = -2*c**2 - 15*c + 19. Let w(l) = s(l) - 3*z(l). Let b be w(14). What is the greatest common factor of b and 4?
2
Let k(f) = -2*f**2 + 21*f + 9. Let i be k(11). Let v = 35 + i. What is the greatest common factor of v and 165?
33
Let k(p) be the third derivative of -p**4/24 + 5*p**2. Let r be k(-1). Let z be r - (-3 - (126 - 2)). What is the highest common divisor of z and 16?
16
Let d(y) = -y**2 - 14*y + 5. Let q be d(-14). Suppose 84 = q*m + 2*m. Calculate the greatest common factor of m and 3.
3
Let f be 156/(-65)*((-10)/(-3) + 0). Let i = 3 + -5. Let h be ((-12)/f)/(i/(-44)). What is the highest common divisor of 22 and h?
11
Let u(a) = -3*a - 16. Let f be 10/5*(0 - 3). Let i be u(f). Let g(y) = -5*y - 26. Let v be g(-8). What is the greatest common divisor of v and i?
2
Suppose 2*x = x + 27. Suppose -6*l = -0*l - 18. Suppose -x = -6*u + l*u. What is the greatest common factor of 45 and u?
9
Suppose 16 = -5*y + 6, -2*q = -3*y - 78. Let w = 19 + -13. Suppose w*k - 60 = k. What is the greatest common divisor of q and k?
12
Suppose 7*p - a - 439 = 2*p, -5*p - 4*a = -444. Suppose -91*q + 312 = -p*q. Calculate the greatest common factor of q and 13.
13
Let w = 1124 + -1084. Calculate the highest common divisor of w and 590.
10
Let z(n) = -2*n - 2. Let r be z(-6). Let j(c) = 3*c - 10. Let g be j(-9). Let t = 77 + g. Calculate the highest common divisor of t and r.
10
Let k be 3/4 - ((-259)/(-4) - 4). Let g = k - -63. What is the highest common divisor of g and 2?
1
Suppose 5 = -3*q + 4*q. Let d(j) = 54*j - 1399. Let k be d(26). What is the highest common divisor of k and q?
5
Suppose 2*p = 7*p - 2*c - 513, -c = -3*p + 308. Suppose 5*o = p + 297. What is the highest common factor of o and 10?
10
Let y be -15*7/(-70) + 1187/2. What is the greatest common divisor of 35 and y?
35
Suppose -514 = -10*c - 24. Calculate the greatest common divisor of 42 and c.
7
Let i(z) = z**2 - 8*z + 1. Let w be i(6). Suppose 0 = -j + 2*j - 16. Let l = w + j. Calculate the greatest common factor of 35 and l.
5
Suppose 0 = -4*d + 397 + 327. Suppose d = x + 1. Calculate the greatest common divisor of x and 20.
20
Let m(c) be the second derivative of -5*c**3/3 - c**2/2 - 6*c. Let f be m(-1). Let p be 3*21 + 0/1. What is the greatest common divisor of f and p?
9
Let h be (-28)/(-35) + ((-168)/(-15) - -3). Suppose -16*l + 247 = -h*l. Calculate the greatest common factor of 13 and l.
13
Let r = -22 + 39. Let j(y) = -y**3 - 24*y**2 - 22*y + 23. Let g be j(-23). Let n = g + r. Calculate the highest common factor of 17 and n.
17
Let a = -76 + 201. Let d(s) = -s**2 - 14*s + 2. Let c be d(-8). What is the highest common divisor of a and c?
25
Let g = 190 + -60. Let d be -26*(-2)/6*3. Calculate the highest common divisor of g and d.
26
Let o(i) = -i**2 + 8*i - 7. Let z be o(6). Let a(p) = -11*p - 1. Let b be a(-1). Calculate the greatest common factor of b and z.
5
Let i = 502 + -468. Calculate the highest common factor of 1003 and i.
17
Let k = -2 + 19. Let z = -13 + k. What is the highest common divisor of z and 32?
4
Let i(j) = j**2 + 15*j - 24. Let u(s) = -s**2 - 15*s + 25. Let v(p) = 3*i(p) + 2*u(p). Let y be v(-17). What is the highest common divisor of 6 and y?
6
Suppose 4*q = -8*f + 4*f + 44, -5*q = -f - 31. Let o = 19 - q. Calculate the greatest common divisor of o and 36.
12
Let h be (-144)/84 - (-2)/(-7) - -11. Suppose 7*a - 108 = a. What is the highest common factor of a and h?
9
Let h be (-174)/(-30) - (-2)/10. Suppose -74 = 4*n - h. Let i = 41 + n. Calculate the highest common factor of i and 72.
24
Let l be -18 + 18 + (5 - 1)*524. Calculate the greatest common factor of 16 and l.
16
Suppose -4*j + 8*d = 5*d - 24, 4*j - 24 = d. Let b be (27 + -9)/(j/20). Calculate the highest common divisor of b and 20.
20
Suppose -3*h + 48 = -0. Suppose -8*i = 8*i - 2048. Calculate the greatest common factor of h and i.
16
Suppose 0 